 hundreds digit of 166850129?
1
What is the thousands digit of 88183663?
3
What is the hundred thousands digit of 1815354456?
3
What is the hundred thousands digit of 972770317?
7
What is the ten millions digit of 2757780735?
5
What is the thousands digit of 99679012?
9
What is the units digit of 1621182456?
6
What is the hundred thousands digit of 979234875?
2
What is the ten millions digit of 148299520?
4
What is the ten millions digit of 450949800?
5
What is the thousands digit of 1343202?
3
What is the ten millions digit of 1138485230?
3
What is the millions digit of 381402159?
1
What is the thousands digit of 144425742?
5
What is the hundreds digit of 1211032025?
0
What is the hundred millions digit of 922746281?
9
What is the hundreds digit of 18473239?
2
What is the tens digit of 29591605?
0
What is the hundred millions digit of 689275885?
6
What is the units digit of 1024137705?
5
What is the hundred millions digit of 577146565?
5
What is the hundred thousands digit of 17094047?
0
What is the hundreds digit of 1563438847?
8
What is the tens digit of 237544189?
8
What is the millions digit of 8391195?
8
What is the hundred thousands digit of 3125475667?
4
What is the units digit of 6231569?
9
What is the hundred millions digit of 368030599?
3
What is the tens digit of 2189286598?
9
What is the tens digit of 912908228?
2
What is the units digit of 104952946?
6
What is the ten thousands digit of 684734685?
3
What is the tens digit of 4466841620?
2
What is the tens digit of 34536240?
4
What is the millions digit of 151749144?
1
What is the hundred thousands digit of 41573534?
5
What is the thousands digit of 51017563?
7
What is the tens digit of 1968655?
5
What is the thousands digit of 182838345?
8
What is the hundred millions digit of 306913992?
3
What is the ten thousands digit of 88711127?
1
What is the millions digit of 6581158879?
1
What is the hundred millions digit of 135337331?
1
What is the units digit of 138546433?
3
What is the hundred thousands digit of 827642432?
6
What is the ten millions digit of 433673866?
3
What is the hundreds digit of 418762269?
2
What is the millions digit of 2998770?
2
What is the hundreds digit of 1299942919?
9
What is the thousands digit of 175587026?
7
What is the hundred thousands digit of 171183919?
1
What is the hundred thousands digit of 809163637?
1
What is the ten thousands digit of 377714761?
1
What is the thousands digit of 280736944?
6
What is the ten millions digit of 69181359?
6
What is the ten thousands digit of 37063024?
6
What is the hundreds digit of 41921239?
2
What is the ten thousands digit of 36811181?
1
What is the tens digit of 648868313?
1
What is the hundred millions digit of 550946793?
5
What is the ten thousands digit of 384551531?
5
What is the units digit of 7340456098?
8
What is the units digit of 1252499792?
2
What is the thousands digit of 1767432622?
2
What is the hundred thousands digit of 3391870591?
8
What is the hundreds digit of 1704498332?
3
What is the hundred millions digit of 474302819?
4
What is the hundred millions digit of 170400438?
1
What is the billions digit of 4943530568?
4
What is the ten thousands digit of 4764156210?
5
What is the thousands digit of 1729074119?
4
What is the ten thousands digit of 154255676?
5
What is the hundred thousands digit of 22083935?
0
What is the hundred thousands digit of 99856871?
8
What is the hundred thousands digit of 57155797?
1
What is the thousands digit of 14501386?
1
What is the tens digit of 723298166?
6
What is the ten millions digit of 24246689?
2
What is the hundred thousands digit of 105179202?
1
What is the hundreds digit of 1586275541?
5
What is the hundreds digit of 45441903?
9
What is the thousands digit of 4270347876?
7
What is the ten thousands digit of 684145960?
4
What is the ten thousands digit of 892311049?
1
What is the ten millions digit of 19390095?
1
What is the units digit of 782821496?
6
What is the billions digit of 1778485683?
1
What is the hundred thousands digit of 98505700?
5
What is the ten millions digit of 752101770?
5
What is the tens digit of 95473144?
4
What is the millions digit of 58406897?
8
What is the millions digit of 15380703?
5
What is the hundred millions digit of 241222403?
2
What is the ten millions digit of 21779069?
2
What is the ten millions digit of 2971620984?
7
What is the hundreds digit of 165926812?
8
What is the hundred thousands digit of 270184030?
1
What is the millions digit of 677338388?
7
What is the ten thousands digit of 261355793?
5
What is the ten thousands digit of 175441457?
4
What is the ten millions digit of 4980100844?
8
What is the ten thousands digit of 3650275852?
7
What is the thousands digit of 40411161?
1
What is the hundred millions digit of 168901366?
1
What is the thousands digit of 760351071?
1
What is the ten thousands digit of 614014004?
1
What is the billions digit of 4881995163?
4
What is the units digit of 3588413015?
5
What is the ten thousands digit of 1066071522?
7
What is the thousands digit of 72557957?
7
What is the ten thousands digit of 64838641?
3
What is the tens digit of 7076202?
0
What is the billions digit of 5481272464?
5
What is the ten thousands digit of 6851577804?
7
What is the billions digit of 2956704438?
2
What is the ten millions digit of 30903594?
3
What is the thousands digit of 45803672?
3
What is the tens digit of 377769861?
6
What is the hundred thousands digit of 4000765?
0
What is the thousands digit of 28617560?
7
What is the units digit of 492512565?
5
What is the hundred thousands digit of 149832962?
8
What is the hundred thousands digit of 2258356860?
3
What is the ten millions digit of 18314568?
1
What is the billions digit of 1288104536?
1
What is the tens digit of 380834395?
9
What is the hundreds digit of 2807977869?
8
What is the millions digit of 2890772592?
0
What is the ten thousands digit of 23477871?
7
What is the ten millions digit of 8205964485?
0
What is the units digit of 517750780?
0
What is the hundreds digit of 220519792?
7
What is the units digit of 1513021776?
6
What is the hundred millions digit of 411654172?
4
What is the millions digit of 1544481834?
4
What is the billions digit of 6549362076?
6
What is the hundred thousands digit of 15094385?
0
What is the hundred thousands digit of 8378378324?
3
What is the tens digit of 35765667?
6
What is the thousands digit of 2268008070?
8
What is the ten thousands digit of 149147360?
4
What is the hundreds digit of 2281467103?
1
What is the thousands digit of 26802885?
2
What is the ten thousands digit of 451607294?
0
What is the tens digit of 45619416?
1
What is the billions digit of 2949633626?
2
What is the tens digit of 565633985?
8
What is the millions digit of 59967269?
9
What is the millions digit of 92623533?
2
What is the ten thousands digit of 42829720?
2
What is the tens digit of 2667756457?
5
What is the units digit of 307479558?
8
What is the ten thousands digit of 609268921?
6
What is the tens digit of 501560605?
0
What is the millions digit of 370229768?
0
What is the thousands digit of 44899043?
9
What is the thousands digit of 486811159?
1
What is the tens digit of 893154204?
0
What is the millions digit of 1906005939?
6
What is the ten millions digit of 141414662?
4
What is the hundred thousands digit of 952475168?
4
What is the hundred millions digit of 1035524437?
0
What is the ten thousands digit of 21616746?
1
What is the hundred thousands digit of 69514408?
5
What is the thousands digit of 28297334?
7
What is the hundreds digit of 5618531?
5
What is the hundred thousands digit of 4789273360?
2
What is the thousands digit of 138453179?
3
What is the units digit of 1060060073?
3
What is the ten millions digit of 16526779?
1
What is the hundreds digit of 98141503?
5
What is the hundred thousands digit of 381711855?
7
What is the thousands digit of 571312416?
2
What is the millions digit of 45942346?
5
What is the hundreds digit of 3314345672?
6
What is the units digit of 619909229?
9
What is the hundred thousands digit of 288283888?
2
What is the ten thousands digit of 465135847?
3
What is the ten millions digit of 186217353?
8
What is the hundreds digit of 121409957?
9
What is the ten thousands digit of 56192379?
